



{"id":93,"date":"2015-01-20T07:01:51","date_gmt":"2015-01-20T07:01:51","guid":{"rendered":"http:\/\/verningespejderne.gruppesite.dk\/?page_id=93"},"modified":"2024-03-13T09:43:19","modified_gmt":"2024-03-13T09:43:19","slug":"roverklanen","status":"publish","type":"page","link":"https:\/\/verningespejderne.gruppesite.dk\/?page_id=93","title":{"rendered":"Roverklanen"},"content":{"rendered":"<p><a href=\"http:\/\/verningespejderne.gruppesite.dk\/wp-content\/uploads\/sites\/95\/2014\/10\/rover_net.gif\"><img loading=\"lazy\" decoding=\"async\" class=\"alignnone wp-image-202\" src=\"http:\/\/verningespejderne.gruppesite.dk\/wp-content\/uploads\/sites\/95\/2014\/10\/rover_net.gif\" alt=\"rover_net\" width=\"149\" height=\"96\"><\/a><\/p>\n<p>Verningespejdernes klan KATAKYE best\u00e5r af de \u00e6ldste spejdere og ledere.<\/p>\n<p>Vi arrangerer vores egne ture og m\u00f8der, men m\u00f8des fast hver den tredje torsdag i m\u00e5neden, og deltager ogs\u00e5 i gruppens yderlige aktiviteter, vi var fx med p\u00e5 troppen sommerlejr til Norge og har v\u00e6ret p\u00e5 vinterfjeldtur i uge 5 hvor den stod p\u00e5 oplevelser i det snekl\u00e6dte landskab og overnatning i telt i sneen.<\/p>\n<p>Klik jer ind p\u00e5 vores kalender, hvor i kan se hvad vi laver\/planl\u00e6gger, og se hvorn\u00e5r vi har vores n\u00e6ste m\u00f8de. I er ogs\u00e5 meget velkomne til at kontakte os for n\u00e6rmere info.<\/p>\n<p>I er selvf\u00f8lgelig velkommen til at komme til vores m\u00f8der, for at se hvad klan laver eller hvis i selv har lyst til at blive en del af Klanen, alle er velkommen.<\/p>\n<p>Kontakt:<\/p>\n<h1><span class=\"o_field_char o_field_widget o_quick_editable o_readonly_modifier oe_read_only\" title=\"\" data-original-title=\"\">Ole Erik Rasmussen <a id=\"o_field_input_538\" href=\"mailto:oleerik@waoomail.dk\">oleerik@waoomail.dk<\/a> <a id=\"o_field_input_539\" href=\"tel:22749686\">22749686<\/a><\/span><\/h1>\n","protected":false},"excerpt":{"rendered":"<p>Verningespejdernes klan KATAKYE best\u00e5r af de \u00e6ldste spejdere og ledere. Vi arrangerer vores egne ture og m\u00f8der, men m\u00f8des fast..<\/p>\n","protected":false},"author":175,"featured_media":0,"parent":62,"menu_order":6,"comment_status":"closed","ping_status":"closed","template":"template\/template_enhed.php","meta":{"ngg_post_thumbnail":0,"footnotes":""},"class_list":["post-93","page","type-page","status-publish","hentry"],"_links":{"self":[{"href":"https:\/\/verningespejderne.gruppesite.dk\/index.php?rest_route=\/wp\/v2\/pages\/93","targetHints":{"allow":["GET"]}}],"collection":[{"href":"https:\/\/verningespejderne.gruppesite.dk\/index.php?rest_route=\/wp\/v2\/pages"}],"about":[{"href":"https:\/\/verningespejderne.gruppesite.dk\/index.php?rest_route=\/wp\/v2\/types\/page"}],"author":[{"embeddable":true,"href":"https:\/\/verningespejderne.gruppesite.dk\/index.php?rest_route=\/wp\/v2\/users\/175"}],"replies":[{"embeddable":true,"href":"https:\/\/verningespejderne.gruppesite.dk\/index.php?rest_route=%2Fwp%2Fv2%2Fcomments&post=93"}],"version-history":[{"count":7,"href":"https:\/\/verningespejderne.gruppesite.dk\/index.php?rest_route=\/wp\/v2\/pages\/93\/revisions"}],"predecessor-version":[{"id":4827,"href":"https:\/\/verningespejderne.gruppesite.dk\/index.php?rest_route=\/wp\/v2\/pages\/93\/revisions\/4827"}],"up":[{"embeddable":true,"href":"https:\/\/verningespejderne.gruppesite.dk\/index.php?rest_route=\/wp\/v2\/pages\/62"}],"wp:attachment":[{"href":"https:\/\/verningespejderne.gruppesite.dk\/index.php?rest_route=%2Fwp%2Fv2%2Fmedia&parent=93"}],"curies":[{"name":"wp","href":"https:\/\/api.w.org\/{rel}","templated":true}]}}

<p><a href="http://verningespejderne.gruppesite.dk/wp-content/uploads/sites/95/2014/10/rover_net.gif"><img loading="lazy" decoding="async" class="alignnone wp-image-202" src="http://verningespejderne.gruppesite.dk/wp-content/uploads/sites/95/2014/10/rover_net.gif" alt="rover_net" width="149" height="96"></a></p>
<p>Verningespejdernes klan KATAKYE består af de ældste spejdere og ledere.</p>
<p>Vi arrangerer vores egne ture og møder, men mødes fast hver den tredje torsdag i måneden, og deltager også i gruppens yderlige aktiviteter, vi var fx med på troppen sommerlejr til Norge og har været på vinterfjeldtur i uge 5 hvor den stod på oplevelser i det sneklædte landskab og overnatning i telt i sneen.</p>
<p>Klik jer ind på vores kalender, hvor i kan se hvad vi laver/planlægger, og se hvornår vi har vores næste møde. I er også meget velkomne til at kontakte os for nærmere info.</p>
<p>I er selvfølgelig velkommen til at komme til vores møder, for at se hvad klan laver eller hvis i selv har lyst til at blive en del af Klanen, alle er velkommen.</p>
<p>Kontakt:</p>
<h1><span class="o_field_char o_field_widget o_quick_editable o_readonly_modifier oe_read_only" title="" data-original-title="">Ole Erik Rasmussen <a id="o_field_input_538" href="mailto:oleerik@waoomail.dk">oleerik@waoomail.dk</a> <a id="o_field_input_539" href="tel:22749686">22749686</a></span></h1>

<p>Verningespejdernes klan KATAKYE består af de ældste spejdere og ledere. Vi arrangerer vores egne ture og møder, men mødes fast..</p>
