



{"id":157,"date":"2015-01-20T09:13:19","date_gmt":"2015-01-20T09:13:19","guid":{"rendered":"http:\/\/verningespejderne.gruppesite.dk\/?page_id=157"},"modified":"2026-04-14T10:15:06","modified_gmt":"2026-04-14T10:15:06","slug":"priser","status":"publish","type":"page","link":"https:\/\/verningespejderne.gruppesite.dk\/?page_id=157","title":{"rendered":"Bliv spejder"},"content":{"rendered":"<p>Kontingentet er fastsat af vores generalforsamling og er for 2026:<\/p>\n<ul>\n<li>3-5 \u00e5r: Familiespejder 100 kr\/halv\u00e5rligt<\/li>\n<li>6 og opefter 500 kr. kr\/halv\u00e5rligt<\/li>\n<li>Efterskolekontingent 300 kr.kr\/halv\u00e5rligt<\/li>\n<\/ul>\n<p><strong>Hos verningespejderne er alle ledere frivillige<\/strong>, hvilket vil sige at vi ikke f\u00e5r l\u00f8n for vores arbejde, men vi synes det er sjov, udfordrende og givende at udvikle b\u00f8rn og unge.<\/p>\n<p>Kontingentet bruges derfor:<\/p>\n<ul>\n<li>til at betale for vores hytter,<\/li>\n<li>til tilskud til de mange aktiviteter, ture og lejre som spejderne deltager i.<\/li>\n<li>til uddannelse af vores mange ledere<\/li>\n<li>til markedsf\u00f8ring<\/li>\n<li>til administration<\/li>\n<li>til at betale for udstyr m.v.<\/li>\n<\/ul>\n<p>Vi har&nbsp;mange ledere&nbsp;&#8211; vores m\u00e5l er at have \u00e9n voksen leder for hver 5 spejdere &#8211; da vi oplever en stor v\u00e6rdi for b\u00f8rnene med stor voksenkontakt, men ogs\u00e5 fordi det er sjovere at v\u00e6re frivillig leder, n\u00e5r man er mange om opgaverne<\/p>\n","protected":false},"excerpt":{"rendered":"<p>Kontingentet er fastsat af vores generalforsamling og er for 2026: 3-5 \u00e5r: Familiespejder 100 kr\/halv\u00e5rligt 6 og opefter 500 kr&#8230;<\/p>\n","protected":false},"author":175,"featured_media":0,"parent":68,"menu_order":0,"comment_status":"closed","ping_status":"closed","template":"","meta":{"ngg_post_thumbnail":0,"footnotes":""},"class_list":["post-157","page","type-page","status-publish","hentry"],"_links":{"self":[{"href":"https:\/\/verningespejderne.gruppesite.dk\/index.php?rest_route=\/wp\/v2\/pages\/157","targetHints":{"allow":["GET"]}}],"collection":[{"href":"https:\/\/verningespejderne.gruppesite.dk\/index.php?rest_route=\/wp\/v2\/pages"}],"about":[{"href":"https:\/\/verningespejderne.gruppesite.dk\/index.php?rest_route=\/wp\/v2\/types\/page"}],"author":[{"embeddable":true,"href":"https:\/\/verningespejderne.gruppesite.dk\/index.php?rest_route=\/wp\/v2\/users\/175"}],"replies":[{"embeddable":true,"href":"https:\/\/verningespejderne.gruppesite.dk\/index.php?rest_route=%2Fwp%2Fv2%2Fcomments&post=157"}],"version-history":[{"count":19,"href":"https:\/\/verningespejderne.gruppesite.dk\/index.php?rest_route=\/wp\/v2\/pages\/157\/revisions"}],"predecessor-version":[{"id":5420,"href":"https:\/\/verningespejderne.gruppesite.dk\/index.php?rest_route=\/wp\/v2\/pages\/157\/revisions\/5420"}],"up":[{"embeddable":true,"href":"https:\/\/verningespejderne.gruppesite.dk\/index.php?rest_route=\/wp\/v2\/pages\/68"}],"wp:attachment":[{"href":"https:\/\/verningespejderne.gruppesite.dk\/index.php?rest_route=%2Fwp%2Fv2%2Fmedia&parent=157"}],"curies":[{"name":"wp","href":"https:\/\/api.w.org\/{rel}","templated":true}]}}