



{"id":123,"date":"2015-01-20T08:39:27","date_gmt":"2015-01-20T08:39:27","guid":{"rendered":"http:\/\/verningespejderne.gruppesite.dk\/?page_id=123"},"modified":"2026-04-20T08:43:25","modified_gmt":"2026-04-20T08:43:25","slug":"spejder-senior","status":"publish","type":"page","link":"https:\/\/verningespejderne.gruppesite.dk\/?page_id=123","title":{"rendered":"Spejder \u2013 Senior"},"content":{"rendered":"<p><strong>Program:<\/strong><\/p>\n<p><a href=\"http:\/\/verningespejderne.gruppesite.dk\/wp-content\/uploads\/sites\/95\/2025\/12\/Kalender-Spejder-Senior-2026-foraar.pdf\">Kalender Spejder-Senior 2026 for\u00e5r<\/a><\/p>\n<p><strong>Sedler:<\/strong><\/p>\n<p><a href=\"http:\/\/verningespejderne.gruppesite.dk\/wp-content\/uploads\/sites\/95\/2025\/10\/Forhaandstilmelding-spejdernes-lejr-2026.pdf\">Forh\u00e5ndstilmelding spejdernes lejr 2026<\/a><\/p>\n<p><a href=\"http:\/\/verningespejderne.gruppesite.dk\/wp-content\/uploads\/sites\/95\/2026\/04\/infomoede-om-sommerlejren-2026.pdf\">infom\u00f8de om sommerlejren 2026<\/a><\/p>\n<p>&nbsp;<\/p>\n<p>&nbsp;<\/p>\n<p>&nbsp;<\/p>\n<p>&nbsp;<\/p>\n<p>&nbsp;<\/p>\n<p>&nbsp;<\/p>\n<p>&nbsp;<\/p>\n<p>&nbsp;<\/p>\n<p>&nbsp;<\/p>\n<p>&nbsp;<\/p>\n<p>&nbsp;<\/p>\n<p>&nbsp;<\/p>\n","protected":false},"excerpt":{"rendered":"<p>Program: Kalender Spejder-Senior 2026 for\u00e5r Sedler: Forh\u00e5ndstilmelding spejdernes lejr 2026 infom\u00f8de om sommerlejren 2026 &nbsp; &nbsp; &nbsp; &nbsp; &nbsp; &nbsp;..<\/p>\n","protected":false},"author":175,"featured_media":0,"parent":2,"menu_order":0,"comment_status":"closed","ping_status":"closed","template":"","meta":{"ngg_post_thumbnail":0,"footnotes":""},"class_list":["post-123","page","type-page","status-publish","hentry"],"_links":{"self":[{"href":"https:\/\/verningespejderne.gruppesite.dk\/index.php?rest_route=\/wp\/v2\/pages\/123","targetHints":{"allow":["GET"]}}],"collection":[{"href":"https:\/\/verningespejderne.gruppesite.dk\/index.php?rest_route=\/wp\/v2\/pages"}],"about":[{"href":"https:\/\/verningespejderne.gruppesite.dk\/index.php?rest_route=\/wp\/v2\/types\/page"}],"author":[{"embeddable":true,"href":"https:\/\/verningespejderne.gruppesite.dk\/index.php?rest_route=\/wp\/v2\/users\/175"}],"replies":[{"embeddable":true,"href":"https:\/\/verningespejderne.gruppesite.dk\/index.php?rest_route=%2Fwp%2Fv2%2Fcomments&post=123"}],"version-history":[{"count":300,"href":"https:\/\/verningespejderne.gruppesite.dk\/index.php?rest_route=\/wp\/v2\/pages\/123\/revisions"}],"predecessor-version":[{"id":5424,"href":"https:\/\/verningespejderne.gruppesite.dk\/index.php?rest_route=\/wp\/v2\/pages\/123\/revisions\/5424"}],"up":[{"embeddable":true,"href":"https:\/\/verningespejderne.gruppesite.dk\/index.php?rest_route=\/wp\/v2\/pages\/2"}],"wp:attachment":[{"href":"https:\/\/verningespejderne.gruppesite.dk\/index.php?rest_route=%2Fwp%2Fv2%2Fmedia&parent=123"}],"curies":[{"name":"wp","href":"https:\/\/api.w.org\/{rel}","templated":true}]}}

<p><strong>Program:</strong></p>
<p><a href="http://verningespejderne.gruppesite.dk/wp-content/uploads/sites/95/2025/12/Kalender-Spejder-Senior-2026-foraar.pdf">Kalender Spejder-Senior 2026 forår</a></p>
<p><strong>Sedler:</strong></p>
<p><a href="http://verningespejderne.gruppesite.dk/wp-content/uploads/sites/95/2025/10/Forhaandstilmelding-spejdernes-lejr-2026.pdf">Forhåndstilmelding spejdernes lejr 2026</a></p>
<p><a href="http://verningespejderne.gruppesite.dk/wp-content/uploads/sites/95/2026/04/infomoede-om-sommerlejren-2026.pdf">infomøde om sommerlejren 2026</a></p>
<p>&nbsp;</p>
<p>&nbsp;</p>
<p>&nbsp;</p>
<p>&nbsp;</p>
<p>&nbsp;</p>
<p>&nbsp;</p>
<p>&nbsp;</p>
<p>&nbsp;</p>
<p>&nbsp;</p>
<p>&nbsp;</p>
<p>&nbsp;</p>
<p>&nbsp;</p>

<p>Program: Kalender Spejder-Senior 2026 forår Sedler: Forhåndstilmelding spejdernes lejr 2026 infomøde om sommerlejren 2026 &nbsp; &nbsp; &nbsp; &nbsp; &nbsp; &nbsp;..</p>
