



{"id":121,"date":"2015-01-20T08:38:46","date_gmt":"2015-01-20T08:38:46","guid":{"rendered":"http:\/\/verningespejderne.gruppesite.dk\/?page_id=121"},"modified":"2026-04-14T09:28:28","modified_gmt":"2026-04-14T09:28:28","slug":"juniorerne","status":"publish","type":"page","link":"https:\/\/verningespejderne.gruppesite.dk\/?page_id=121","title":{"rendered":"Juniorerne"},"content":{"rendered":"<p><strong>Program : <\/strong><\/p>\n<p><a href=\"http:\/\/verningespejderne.gruppesite.dk\/wp-content\/uploads\/sites\/95\/2025\/08\/Junior-sommerprogram-2025.pdf\">J<\/a><a href=\"http:\/\/verningespejderne.gruppesite.dk\/wp-content\/uploads\/sites\/95\/2025\/12\/Junior-program-foraar-2026.pdf\">Junior program for\u00e5r 2026<\/a><\/p>\n<p><strong>Sedler:<\/strong><\/p>\n<p><a href=\"http:\/\/verningespejderne.gruppesite.dk\/wp-content\/uploads\/sites\/95\/2024\/04\/Ny-junior-info-seddel.pdf\">Ny junior info seddel<\/a><\/p>\n<p><a href=\"http:\/\/verningespejderne.gruppesite.dk\/wp-content\/uploads\/sites\/95\/2020\/08\/t\u00f8rkl\u00e6dem\u00e6rket-Junior.pdf\">t\u00f8rkl\u00e6dem\u00e6rket Junior<\/a><\/p>\n<p><a href=\"http:\/\/verningespejderne.gruppesite.dk\/wp-content\/uploads\/sites\/95\/2025\/10\/Forhaandstilmelding-spejdernes-lejr-2026.pdf\">Forh\u00e5ndstilmelding spejdernes lejr 2026<\/a><\/p>\n<p><a href=\"http:\/\/verningespejderne.gruppesite.dk\/wp-content\/uploads\/sites\/95\/2026\/04\/infomoede-om-sommerlejren-2026.pdf\">infom\u00f8de om sommerlejren 2026<\/a><\/p>\n<p>&nbsp;<\/p>\n<p>&nbsp;<\/p>\n<p>&nbsp;<\/p>\n<p>&nbsp;<\/p>\n<p>&nbsp;<\/p>\n<p>&nbsp;<\/p>\n<p>&nbsp;<\/p>\n<p>&nbsp;<\/p>\n<p>&nbsp;<\/p>\n<p>&nbsp;<\/p>\n<p>&nbsp;<\/p>\n<p>&nbsp;<\/p>\n<p>&nbsp;<\/p>\n<p>&nbsp;<\/p>\n<p>&nbsp;<\/p>\n<p>&nbsp;<\/p>\n<p>&nbsp;<\/p>\n<p>&nbsp;<\/p>\n<p>&nbsp;<\/p>\n<p>&nbsp;<\/p>\n<p>&nbsp;<\/p>\n<p>&nbsp;<\/p>\n<p>&nbsp;<\/p>\n<p>&nbsp;<\/p>\n<p>&nbsp;<\/p>\n<p>&nbsp;<\/p>\n<p>&nbsp;<\/p>\n<p>&nbsp;<\/p>\n<p>&nbsp;<\/p>\n<p>&nbsp;<\/p>\n<p>&nbsp;<\/p>\n<p>&nbsp;<\/p>\n","protected":false},"excerpt":{"rendered":"<p>Program : JJunior program for\u00e5r 2026 Sedler: Ny junior info seddel t\u00f8rkl\u00e6dem\u00e6rket Junior Forh\u00e5ndstilmelding spejdernes lejr 2026 infom\u00f8de om sommerlejren..<\/p>\n","protected":false},"author":175,"featured_media":0,"parent":2,"menu_order":3,"comment_status":"closed","ping_status":"closed","template":"","meta":{"ngg_post_thumbnail":0,"footnotes":""},"class_list":["post-121","page","type-page","status-publish","hentry"],"_links":{"self":[{"href":"https:\/\/verningespejderne.gruppesite.dk\/index.php?rest_route=\/wp\/v2\/pages\/121","targetHints":{"allow":["GET"]}}],"collection":[{"href":"https:\/\/verningespejderne.gruppesite.dk\/index.php?rest_route=\/wp\/v2\/pages"}],"about":[{"href":"https:\/\/verningespejderne.gruppesite.dk\/index.php?rest_route=\/wp\/v2\/types\/page"}],"author":[{"embeddable":true,"href":"https:\/\/verningespejderne.gruppesite.dk\/index.php?rest_route=\/wp\/v2\/users\/175"}],"replies":[{"embeddable":true,"href":"https:\/\/verningespejderne.gruppesite.dk\/index.php?rest_route=%2Fwp%2Fv2%2Fcomments&post=121"}],"version-history":[{"count":204,"href":"https:\/\/verningespejderne.gruppesite.dk\/index.php?rest_route=\/wp\/v2\/pages\/121\/revisions"}],"predecessor-version":[{"id":5412,"href":"https:\/\/verningespejderne.gruppesite.dk\/index.php?rest_route=\/wp\/v2\/pages\/121\/revisions\/5412"}],"up":[{"embeddable":true,"href":"https:\/\/verningespejderne.gruppesite.dk\/index.php?rest_route=\/wp\/v2\/pages\/2"}],"wp:attachment":[{"href":"https:\/\/verningespejderne.gruppesite.dk\/index.php?rest_route=%2Fwp%2Fv2%2Fmedia&parent=121"}],"curies":[{"name":"wp","href":"https:\/\/api.w.org\/{rel}","templated":true}]}}

<p><strong>Program : </strong></p>
<p><a href="http://verningespejderne.gruppesite.dk/wp-content/uploads/sites/95/2025/08/Junior-sommerprogram-2025.pdf">J</a><a href="http://verningespejderne.gruppesite.dk/wp-content/uploads/sites/95/2025/12/Junior-program-foraar-2026.pdf">Junior program forår 2026</a></p>
<p><strong>Sedler:</strong></p>
<p><a href="http://verningespejderne.gruppesite.dk/wp-content/uploads/sites/95/2024/04/Ny-junior-info-seddel.pdf">Ny junior info seddel</a></p>
<p><a href="http://verningespejderne.gruppesite.dk/wp-content/uploads/sites/95/2020/08/tørklædemærket-Junior.pdf">tørklædemærket Junior</a></p>
<p><a href="http://verningespejderne.gruppesite.dk/wp-content/uploads/sites/95/2025/10/Forhaandstilmelding-spejdernes-lejr-2026.pdf">Forhåndstilmelding spejdernes lejr 2026</a></p>
<p><a href="http://verningespejderne.gruppesite.dk/wp-content/uploads/sites/95/2026/04/infomoede-om-sommerlejren-2026.pdf">infomøde om sommerlejren 2026</a></p>
<p>&nbsp;</p>
<p>&nbsp;</p>
<p>&nbsp;</p>
<p>&nbsp;</p>
<p>&nbsp;</p>
<p>&nbsp;</p>
<p>&nbsp;</p>
<p>&nbsp;</p>
<p>&nbsp;</p>
<p>&nbsp;</p>
<p>&nbsp;</p>
<p>&nbsp;</p>
<p>&nbsp;</p>
<p>&nbsp;</p>
<p>&nbsp;</p>
<p>&nbsp;</p>
<p>&nbsp;</p>
<p>&nbsp;</p>
<p>&nbsp;</p>
<p>&nbsp;</p>
<p>&nbsp;</p>
<p>&nbsp;</p>
<p>&nbsp;</p>
<p>&nbsp;</p>
<p>&nbsp;</p>
<p>&nbsp;</p>
<p>&nbsp;</p>
<p>&nbsp;</p>
<p>&nbsp;</p>
<p>&nbsp;</p>
<p>&nbsp;</p>
<p>&nbsp;</p>

<p>Program : JJunior program forår 2026 Sedler: Ny junior info seddel tørklædemærket Junior Forhåndstilmelding spejdernes lejr 2026 infomøde om sommerlejren..</p>
